t is the remainder when p is divided by 6?
4
What is the remainder when (-3)/((-2)/(156/9)) is divided by 14?
12
What is the remainder when 22 is divided by 12 + (0 - 2 - 2)?
6
Let t be 8/(-6)*24/(-8). Suppose a = z + 16, -t*a + 6*a + 4*z = 38. Calculate the remainder when 49 is divided by a.
15
Suppose r - 103 = -l - r, l = 3*r + 113. What is the remainder when l is divided by 27?
26
Calculate the remainder when 64 is divided by (-609)/(-28) + 1/((-4)/(-1)).
20
Suppose -2*n + 0*n - 120 = 0. Let x(v) = v**2 + 2*v + 6. Calculate the remainder when x(-4) is divided by (24/(-10))/(18/n).
6
What is the remainder when (-1)/(-4) + (-300)/(-16) is divided by 7?
5
Suppose 2 = o, -25 = -2*d - 3*o + 5. Suppose -4*n = d - 32. Suppose -q + n = 1. Calculate the remainder when 10 is divided by q.
2
Let x(i) = -i**2 - 17*i + 18. Calculate the remainder when x(-13) is divided by 22.
4
Let c = 13 + -6. Calculate the remainder when 40 is divided by c.
5
Suppose -87 + 9 = -3*k + 3*h, -137 = -5*k - 2*h. Suppose 2*f - 20 = 10. Calculate the remainder when k is divided by f.
12
Let r be (0 + 4)*(-1)/(-1). Suppose 2*s = -t - r*t + 65, 3*s = -5*t + 60. Calculate the remainder when t is divided by 9.
6
Let n = -26 + 44. Calculate the remainder when 32 is divided by n.
14
Let h(n) = -31*n**3 - n - 1. Suppose k + 5 = -4*k, -7 = 5*p + 2*k. Calculate the remainder when h(p) is divided by 17.
14
Let k be (-16)/(-3) - 2/6. Let c(y) = 2*y - 6. Let x be c(k). Suppose x*j + 3*l - 141 = j, 0 = 3*l. What is the remainder when j is divided by 16?
15
Let y = -21 + 36. Let z(k) = k**3 - 6*k**2 + 4*k + 4. Let s be z(5). Calculate the remainder when 266/6 - s/(-3) is divided by y.
14
Let l(f) = -f + 17. Suppose 3 = 2*d - 1, 2*n - 94 = -d. Suppose -n = -5*b - 1. What is the remainder when l(0) is divided by b?
8
What is the remainder when (-2502)/(-12)*(3 + -1) is divided by 60?
57
Let g = -63 - -153. Let b = -239 + 262. Calculate the remainder when g is divided by b.
21
Let s be (-8)/(-6)*(6 + -9). Calculate the remainder when (5 + s)*(-3 + 20) is divided by 5.
2
What is the remainder when 95 is divided by ((-4)/(20/35))/(-1)?
4
Let d(f) = -f**3 + 13*f**2 - 10*f + 15. Let i be d(12). Let o = i + -22. What is the remainder when 32 is divided by o?
15
Let d(n) = -n**3 - 11*n**2 - 11*n + 19. What is the remainder when 57 is divided by d(-10)?
28
Suppose 5*t - 3*z - 102 = t, 0 = t - z - 25. Suppose 0 = 5*y - 5*x - 63 - 27, 3*x = 2*y - 39. What is the remainder when t is divided by y?
12
Let f be 249/4 + (-5)/20. Suppose -92 = -3*h - 4*i, h - 2*i - f = -2*h. Calculate the remainder when h is divided by 13.
11
Calculate the remainder when (2/(-4))/((-2)/52) is divided by 9.
4
Suppose -20 - 223 = -9*c. Let v = -67 - -112. Let m = v - c. Calculate the remainder when 52 is divided by m.
16
Suppose 0 = -4*r + 133 + 51. Calculate the remainder when r is divided by 210/18 - (-2)/6.
10
Let w(q) = -q - 1. Let l be w(-2). Let i = 17 - 21. What is the remainder when 10 is divided by i + 8 - (-2)/l?
4
Suppose -2*q - 3 = p - 4*q, -p = -q. Let m = 23 + -11. What is the remainder when (1 + 1)/(p/33) is divided by m?
10
Let i(a) = a**2 + 6*a - 4. Calculate the remainder when 80 is divided by i(-8).
8
Suppose 4*o = 8, 0 = 6*i - 4*i - 2*o - 2. What is the remainder when 12 is divided by i?
0
Let x(z) = z**2 + 2*z - 4. What is the remainder when 19 is divided by x(-5)?
8
Let d = 135 + -60. What is the remainder when d is divided by 26?
23
Let w(f) = -f**3 + 2*f**2 - f - 3. Let j be w(-3). Suppose 2*i = 5*i - j. What is the remainder when 43 is divided by i?
13
Suppose 0 = -z - 4*z - 75. Let s = -2 - z. What is the remainder when (0 - 1)/(3/(-111)) is divided by s?
11
Let h(g) be the second derivative of g**3/3 - 2*g**2 + 4*g. Calculate the remainder when 22 is divided by h(6).
6
Suppose 5*v + 15 = 8*v. Suppose v*d - r - 55 = -6*r, 3*d + 2*r = 33. Calculate the remainder when 31 is divided by d.
9
What is the remainder when (2 - 1)/((-11)/(-1067)) is divided by 20?
17
Suppose -3*c - 1 = -5*j - 4, -2 = -c + 2*j. Let y = c - -18. Calculate the remainder when 27 is divided by y.
13
Calculate the remainder when (16/10)/(2*(-4)/(-560)) is divided by 38.
36
Suppose -u = 2*u - 111. What is the remainder when u is divided by (1/(-2))/(1/(-26))?
11
Let w(x) be the second derivative of x**5/20 - x**4/2 + 2*x**2 - x. Let i be w(6). Let d = i + 3. What is the remainder when 20 is divided by d?
6
Let q = 5 + -3. What is the remainder when q + 0 + 56 + -5 is divided by 18?
17
Calculate the remainder when 1 + 4/(-6) - (-992)/48 is divided by 8.
5
Let v = 19 - 4. What is the remainder when 118 is divided by v?
13
Calculate the remainder when (-42)/(-14) - (-20)/1 is divided by 13.
10
Suppose 11 = 2*g + 1. Suppose -4 = -g*b + 6. Suppose 2*y + 1 = 5*q - 6, 22 = 4*y + 2*q. What is the remainder when y is divided by b?
0
Let d = -37 - -7. Let z = -18 - d. Suppose -22 = -2*o + z. Calculate the remainder when o is divided by 6.
5
Suppose -5*b + 166 = 3*r - 93, 0 = 3*r - 9. Suppose -2*i = v - 22, -v - b = -2*v + 5*i. Calculate the remainder when v is divided by 16.
14
Let f(z) = 3 - 15 + 4*z - z + 2*z. Calculate the remainder when f(8) is divided by 8.
4
Suppose y + 0 = 9. Calculate the remainder when 16 is divided by y.
7
Suppose 0*f = 4*f, -13 = -s - 2*f. Calculate the remainder when 19 is divided by s.
6
Let o(n) = n + 11. Calculate the remainder when 0 - (-26 - -3)*(-3 - -4) is divided by o(-5).
5
Suppose 2*b + 2*k - 12 = -2*k, 5*k - 15 = -b. Suppose -u + 13 + 18 = b. Calculate the remainder when u is divided by 11.
9
Let z = 153 - 152. Suppose -5*m + 2*m = -3. Calculate the remainder when z is divided by m.
0
Let y(h) = -94*h + 2. Let k be y(2). Let z = k - -261. Calculate the remainder when z is divided by 19.
18
Let u(z) = -7*z**3 + 5*z**3 - z**2 + 4*z + 2*z**2 - 1 - 3*z**2. Calculate the remainder when u(-3) is divided by 8.
7
Calculate the remainder when 52 is divided by (-6 + 0)/(3/(-9)).
16
Suppose 0 = 4*y - z - 2*z - 53, -4*z = -4*y + 48. Calculate the remainder when 65 is divided by y.
14
Suppose -z - 14 = 2*m + 1, 5*z - 5*m + 60 = 0. Let j = z + 23. Calculate the remainder when j is divided by 6.
4
Suppose -5*h + c = -4*c - 165, 0 = -2*h + 3*c + 64. Calculate the remainder when h is divided by 11.
2
Suppose 5*p - 43 = -c, 6*p - 3*c = p + 51. Let u = 0 + p. Calculate the remainder when 17 is divided by u.
8
Suppose -5*s - 4*h + 547 = 0, -6*s + 330 = -3*s + 3*h. Calculate the remainder when s is divided by 27.
26
Suppose x + s + 54 = 3*x, 5*x - 161 = -4*s. Suppose 3*r = 2*j + 36, -4*r + 39 = 4*j - x. Calculate the remainder when r is divided by 5.
4
Suppose 3*q - 31 - 2 = 0. What is the remainder when 30 is divided by q?
8
Suppose 0 = 4*m - 16. Suppose 33 + m = l. What is the remainder when l is divided by 10?
7
Let l(b) = b**2 - 5*b - 3. Suppose 0*a + 18 = 3*a - u, 0 = a + 2*u - 6. What is the remainder when (0 - (1 + 0))/(10/(-100)) is divided by l(a)?
1
Let n = -34 + 48. Suppose -13*f = -n*f + 9. What is the remainder when 26 is divided by f?
8
Let k(o) = 9*o + 2. Let j(z) = 1. Let r(c) = -4*j(c) + k(c). Calculate the remainder when r(4) is divided by 9.
7
Suppose -3*s + s = -10. Suppose s*f - 47 = 4*f. What is the remainder when f is divided by 24?
23
Suppose -3 = 6*t - 75. What is the remainder when 34 is divided by t?
10
Suppose -v + 48 = -6. Let a = 3 + 11. Calculate the remainder when v is divided by a.
12
Suppose 52*f + 6 = 53*f. Calculate the remainder when (-1 + 0 - -24)/1 is divided by f.
5
Suppose 7*h = 395 - 108. Calculate the remainder when h is divided by 14.
13
Suppose f + 55 = 2*f + 4*j, -4*f = -3*j - 144. What is the remainder when f is divided by 20?
19
Suppose -35 = -14*o - 7. Suppose 2*v + 5 = 7*v. Calculate the remainder when (2 + 1)/(v - 0) is divided by o.
1
Suppose -2*o - 5*m = -3*o - 9, 5 = 5*m. Let q = o - -19. What is the remainder when q is divided by 4?
3
Suppose 42 = 8*x - 5*x. Calculate the remainder when 24 is divided by x.
10
Let c(p) = p. Let o be c(-1). Let m = 2 + o. Suppose 4*y - 1 - 3 = 0. What is the remainder when y is divided by m?
0
Let q = -63 - -92. Suppose 4*g + 4 = -0. Let p = 14 - g. What is the remainder when q is divided by p?
14
Suppose 8*m = 5*m + 15. Let p = 12